9
Let r(w) = -181*w - 2705. Determine r(-15).
10
Let k(o) = -o**3 - 31*o**2 + 41*o + 284. Calculate k(-32).
-4
Let w(y) = y**3 + 17*y**2 - 45*y - 37. Determine w(-19).
96
Let q(a) = a**3 + 68*a**2 - 137*a + 202. Determine q(-70).
-8
Let g(i) = 2*i**3 - 9*i**2 - 45*i + 159. Determine g(6).
-3
Let n(b) = 173*b - 3810. Determine n(22).
-4
Let s(r) = -r**3 + 6*r**2 + 3*r - 6. Determine s(-4).
142
Let i(a) = a**2 - 37*a - 2500. Determine i(70).
-190
Let n(u) = -114*u + 6170. Calculate n(54).
14
Let t(m) = -57*m + 910. Calculate t(16).
-2
Let a(w) = w**2 + 115*w - 2113. What is a(17)?
131
Let x(j) = 33*j - 585. Calculate x(17).
-24
Let z(v) = -2*v**2 + 10*v - 127. Calculate z(6).
-139
Let c(j) = 55*j - 146. Calculate c(6).
184
Let p(l) = 83*l**3 - 30*l**2 + 42*l - 11. Calculate p(1).
84
Let f(m) = 3*m**3 + 9*m**2 - 29*m + 3. Give f(2).
5
Let s(n) = n**3 + 17*n**2 + 37*n - 56. What is s(-14)?
14
Let y(l) = 90*l + 2158. What is y(-24)?
-2
Let b(w) = -w - 129. Give b(28).
-157
Let t(f) = -18*f**2 - 1312*f + 148. Determine t(-73).
2
Let l(q) = 190*q**2 - 754*q - 4. Determine l(4).
20
Let m(w) = -3*w**2 + 513*w + 516. What is m(-1)?
0
Let h(v) = 2*v**2 - 496*v - 7345. Determine h(-14).
-9
Let j(h) = 3*h**2 - 132*h - 278. Give j(46).
-2
Let h(s) = -278*s + 853. Determine h(3).
19
Let k(j) = j**3 - 71*j**2 + 144*j - 268. Give k(69).
146
Let w(q) = -165*q - 1173. What is w(-7)?
-18
Let j(x) = 369*x - 2962. Determine j(8).
-10
Let z(p) = p**3 + 63*p**2 - 137*p - 390. Determine z(-65).
65
Let x(n) = 4*n**2 + 432*n + 10636. Calculate x(-70).
-4
Let x(w) = 13*w - 883. Calculate x(68).
1
Let z(v) = -230*v + 117292. Give z(510).
-8
Let i(q) = -2*q**3 + 7*q**2 + 47*q - 157. What is i(4)?
15
Let u(o) = 98*o + 3928. Give u(-40).
8
Let b(m) = 6*m**2 + 302*m + 301. Give b(-1).
5
Let k(p) = 2*p**3 + 37*p**2 + 2*p + 415. Give k(-19).
16
Let a(h) = h**3 - h**2 - 68*h + 23. Determine a(-8).
-9
Let u(h) = h**3 - 4*h**2 - 15*h + 48. What is u(4)?
-12
Let x(s) = -s**3 + 28*s**2 + s + 85. Determine x(28).
113
Let w(i) = -49*i - 133. What is w(-6)?
161
Let v(l) = -3*l**2 + 31*l + 30. Give v(10).
40
Let p(s) = -732*s - 1469. Give p(-2).
-5
Let g(c) = 31*c**3 - 304*c**2 - 74*c + 140. Determine g(10).
0
Let n(f) = 100*f + 47. Calculate n(-7).
-653
Let f(l) = -7*l**2 + 66*l - 45. Calculate f(8).
35
Let c(d) = -2*d**2 - 25*d + 381. Give c(-25).
-244
Let w(p) = -p**3 + 52*p**2 - 47*p - 200. Calculate w(51).
4
Let v(o) = -21*o**3 + 85*o**2 + 15*o - 85. Determine v(4).
-9
Let s(y) = -y**3 - 21*y**2 + 82*y + 2049. What is s(-20)?
9
Let z(d) = -d**3 + 13*d + 86. Give z(-4).
98
Let l(t) = 1477*t - 10350. Determine l(7).
-11
Let y(z) = 3*z**3 - 106*z**2 + 40*z - 51. Give y(35).
124
Let t(j) = 2*j**3 - 93*j**2 + 621*j - 46. Determine t(8).
-6
Let r(p) = -138*p**2 - 15*p - 5. Determine r(-2).
-527
Let d(h) = -4*h**3 + 88*h**2 - 2*h + 19. Give d(22).
-25
Let u(o) = o**2 - 7*o - 194. Give u(-12).
34
Let w(o) = -377*o**2 + 2267*o - 37. Calculate w(6).
-7
Let z(k) = -12*k**3 + 436*k**2 - 151*k + 255. Calculate z(36).
3
Let g(q) = -12*q**3 + 45*q**2 + q - 7. Determine g(4).
-51
Let j(w) = -3*w**2 - 101*w - 785. What is j(-15)?
55
Let u(n) = -n**3 + 39*n**2 - 58*n - 324. Give u(38).
-1084
Let k(m) = 35*m - 3125. Calculate k(90).
25
Let h(q) = q**3 + 51*q**2 - 195*q - 95. What is h(4)?
5
Let o(z) = z**2 + 3318*z + 19865. Calculate o(-6).
-7
Let a(o) = -o**3 - 3*o + 106. What is a(0)?
106
Let h(u) = -71*u**2 + 523*u - 2. Give h(7).
180
Let b(z) = 4*z**3 + 51*z**2 - 7*z + 40. Give b(-13).
-38
Let f(l) = -l**2 - 3182*l + 22330. Determine f(7).
7
Let a(p) = 3*p**2 - 382*p + 4859. Give a(113).
0
Let i(j) = -69*j - 228. Determine i(-4).
48
Let j(t) = -10*t**3 - t**2 + 134*t - 132. Determine j(1).
-9
Let t(y) = y**3 + 15*y**2 + 83*y + 951. Give t(-14).
-15
Let g(r) = r**2 + 15*r - 3631. Calculate g(53).
-27
Let b(j) = j**3 - 19*j**2 + 32*j + 27. What is b(17)?
-7
Let i(y) = -173*y**2 + 8*y + 8. Calculate i(-1).
-173
Let r(n) = -n**3 + 20*n**2 - 39*n + 81. What is r(18)?
27
Let m(x) = 29*x - 182. Determine m(9).
79
Let h(d) = d**3 - 8*d**2 - 9*d - 13. What is h(9)?
-13
Let f(y) = -y**2 + 163*y - 1579. Give f(10).
-49
Let u(a) = -78*a**2 - 30*a - 3. Calculate u(2).
-375
Let z(b) = 66*b + 1985. What is z(-30)?
5
Let h(r) = 101*r + 829. Determine h(-6).
223
Let c(w) = -3*w**3 + 80*w**2 - 342*w - 5. Determine c(5).
-90
Let w(s) = -21*s**2 - 463*s - 20. Calculate w(-22).
2
Let y(q) = -q**2 + 7*q - 69. Determine y(-6).
-147
Let t(g) = -12*g**2 + 156*g - 555. Calculate t(7).
-51
Let f(c) = -4*c - 89. Give f(-25).
11
Let c(q) = -388*q + 1863. What is c(6)?
-465
Let t(q) = 2*q**2 + 326*q + 10002. Calculate t(-41).
-2
Let c(i) = i**3 + 57*i**2 + 158*i - 160. Calculate c(-54).
56
Let q(z) = z**2 - 238*z + 467. Give q(2).
-5
Let r(h) = -1282*h + 3799. Calculate r(3).
-47
Let z(w) = 2*w**2 - 26*w + 102. Give z(19).
330
Let u(s) = -5*s**2 - 30*s - 160. Determine u(-9).
-295
Let k(a) = 517*a + 9866. Give k(-19).
43
Let c(h) = -435*h - 2068. Calculate c(-5).
107
Let o(z) = 6*z**2 + 169*z - 341. Determine o(2).
21
Let f(y) = -y**2 + 8*y + 164. What is f(-8)?
36
Let b(k) = -k**3 - k**2 + 7*k + 116. Calculate b(7).
-227
Let t(p) = -2*p**2 + 86*p + 112. What is t(48)?
-368
Let k(o) = o**2 + 3*o - 31. Calculate k(-7).
-3
Let t(n) = 2*n**2 - 24*n + 100. Give t(9).
46
Let c(a) = -35*a**2 - 10*a - 114. Give c(-5).
-939
Let k(q) = q - 72. Calculate k(-4).
-76
Let x(t) = 17*t - 114. Determine x(10).
56
Let k(f) = -2*f**3 - 16*f**2 + 136*f + 4. Calculate k(6).
-188
Let g(r) = -r**3 + 2*r**2 + 35*r - 111. What is g(7)?
-111
Let s(c) = 38*c - 253. Calculate s(8).
51
Let n(l) = l**2 - 16*l - 26. Determine n(-15).
439
Let x(h) = -301*h**2 + 12*h - 13. What is x(1)?
-302
Let s(n) = 154*n - 1071. What is s(7)?
7
Let c(q) = q**2 - 44*q + 152. Give c(4).
-8
Let w(b) = b**2 + 61*b - 525. Calculate w(9).
105
Let b(a) = 105*a + 516. Calculate b(-4).
96
Let s(t) = t**3 + 268*t**2 - 819*t - 1647. Determine s(-271).
-21
Let q(o) = -558*o - 21. What is q(0)?
-21
Let m(p) = -2*p**3 + 78*p**2 - 3*p + 113. Calculate m(39).
-4
Let j(c) = -18*c + 549. Give j(33).
-45
Let f(p) = p - 403. Give f(59).
-344
Let s(z) = -9*z**2 - 48*z - 86. Calculate s(-2).
-26
Let u(y) = 444*y - 4352. Calculate u(10).
88
Let x(g) = -g**2 + 46*g - 614. What is x(11)?
-229
Let j(q) = -q**3 + 191*q**2 - 2151*q + 539. What is j(179)?
2
Let h(c) = -382*c - 5358. Give h(-14).
-10
Let f(h) = -17788*h - 88940. What is f(-5)?
0
Let c(l) = -l**3 + 33*l**2 + 107*l - 1. Calculate c(-3).
2
Let i(x) = x**3 - 26*x**2 - 158*x + 88. What is i(31)?
-5
Let q(u) = -5*u**2 + 43*u - 24. Determine q(8).
0
Let z(w) = -64*w - 835. Give z(-13).
-3
Let b(k) = -1811*k - 5424. Give b(-3).
9
Let a(j) = j**3 + 36*j**2 + 68*j - 2. Calculate a(-34).
-2
Let s(f) = f**3 - 4*f**2 + 50*f - 139. What is s(3)?
2
Let o(u) = -7*u**3 + 28*u**2 + 3*u - 19. What is o(4)?
-7
Let v(f) = 9*f**2 - 192*f + 906. What is v(7)?
3
Let t(o) = -o**3 + 87*o**2 - 259*o + 322. Determine t(84).
-266
Let b(m) = 2*m**2 - 6*m + 34. Determine b(5).
54
Let o(u) = -68*u**2 + 2*u. Calculate o(2).
-268
Let k(j) = -21*j**2 - 300*j - 85. Give k(-14).
-1
Let q(h) = -62*h**2 + 3*h - 5. Calculate q(1).
-64
Let a(z) = -z**2 - 44*z - 439. Give a(-13).
-36
Let k(v) = -4*v**2 + 43*v - 104. Determine k(7).
1
Let o(h) = h**2 + 12*h - 181. Calculate o(-12).
-181
Let g(z) = -z**2 - 36*z + 94. Give g(3).
-23
Let k(n) = n**3 + 133*n**2 + 527*n + 1423. Determine k(-129).
4
Let a(p) = -4*p**3 + 2*p**2 - 17*p - 32. Calculate a(-2).
42
Let r(p) = 1232*p + 4943. Give r(-4).
15
Let j(w) = -128*w - 2844. What is j(-22)?
-28
Let x(h) = 2*h**3 + 40*h**2 - 192*h + 23. What is x(-24)?
23
Let q(k) = 171*k + 379. What is q(-4)?
-305
Let z(p) = -66*p + 1258. What is z(19)?
4
Let l(x) = -x**3 - 11*x**2 - 32*x - 261. Give l(-10).
-41
Let i(h) = h**3 - 8*h**2 - 152*h + 1302. Calculate i(11).
-7
Let w(j) = 2*j**2 + 30*j - 142. What is w(-18)?
-34
Let g(w) = -2*w**2 - 114*w - 1589. Give g(-34).
-25
Let g(y) = -630*y + 3728. What is g(6)?
-52
Let s(a) = 3*a**2 + 145*a - 425. What is s(3)?
37
Let o(w) = -15*w**2 + 287*w - 36. Calculate o(19).
2
Let t(r) = -r**3 - 14*r**2 - 16*r + 22. Calculate t(-12).
-74
Let m(s) = s**3 + 69*s**2 - 58*s + 830. What is m(-70)?
-10
Let 